 Let z(t) = -6*t**3 - t. What is the units digit of z(x)?
7
Suppose 45 = g - h, 27 + 2 = g - 5*h. Suppose -3*t + g = -4*p, -p - 2*p - 1 = t. What is the tens digit of t?
1
What is the hundreds digit of 6/(-30) - 796/(-5)?
1
Let k = 72 + -26. Let w be (-4)/14 - k/(-14). Suppose z = -w*u - z, 5*u - 16 = 2*z. What is the units digit of u?
2
Let o(a) = a**3 - 9*a**2 + 3*a + 4. What is the units digit of o(9)?
1
Let p = 0 - 0. Suppose -4*l + 20 = p, w + 4*l - 22 = -w. What is the units digit of w?
1
Let c = 26 - 18. Let j be ((-2)/(-3))/(c/36). Suppose -5*m = -2*q - 13, j*m - 5*q - 33 = -10. What is the units digit of m?
1
Let q(o) = -o**2 + o + 24. Let f be q(0). What is the units digit of f/(0 + 2) + -3?
9
Let x = -1 + 4. Suppose 2*p - 12 = n - 2*p, 12 = -x*n + 4*p. Suppose -t + 8 - 1 = n. What is the units digit of t?
7
Let c(k) = -3*k + 1. Let z be c(-8). Suppose l - 6*l + z = 0. Let b(m) = -m**2 + 6*m. What is the units digit of b(l)?
5
Suppose -3*m - 21 + 3 = -3*k, 0 = 2*k - 8. Let p be 1*m - (-8 + 1). Suppose 0*a + 50 = 5*b + 2*a, -p*b + 45 = a. What is the units digit of b?
8
Let w = -4 - -3. Let j(p) = 4*p**2 + 3*p - 2*p - 2*p**2. What is the units digit of j(w)?
1
Let l be ((-6)/(-4) - 1)*4. Let a(d) = d**2 + 8 - d**3 + l - 2. What is the units digit of a(0)?
8
Suppose 4 = 2*n - 2. Suppose -2*t - 18 = -s, -2*s = n*s + 4*t - 20. What is the units digit of s?
8
Suppose 9*f = 4*f + 5. What is the units digit of 1 + f - (0 + -1)?
3
Suppose -3*l + 5*w - 7 = 0, 2*l + 0*l + 5*w = 12. What is the tens digit of 5 + (l - 4) - -27?
2
Let a = -4 - -9. Suppose a*r = 9 + 1. What is the units digit of 1/(r/6 - 0)?
3
Suppose -2*q - 90 = -2*o - 3*o, 3*o - 5*q = 54. What is the units digit of o/5*15/6?
9
Let d(b) = 2*b**2 - 2*b. Suppose 0 = 2*h - 6. Suppose 5*y = 4*y + h. What is the tens digit of d(y)?
1
Let y(l) = -l**3 + 4*l**2 + 6*l - 2. Let s be y(5). Suppose 0*k = -3*k + s. What is the units digit of 12/16 - k/(-4)?
1
Let o be -5 + 4 + 0 + 0. Let x be o/(-5) + 81/(-5). What is the units digit of 20/x*(-4)/1?
5
Let f(v) = -v**3 + 8*v**2 - 4*v - 8. Let c(u) = u**2 - u + 1. Let r be c(3). What is the units digit of f(r)?
3
Suppose 0 = -4*a + 5*t - 21, 0 = -5*a - t + 4 + 6. Let f be (8*1 - 2)/a. Suppose 3*y - 12 = f. What is the units digit of y?
6
Let d = 5 - 9. Let n(f) = -f**3 - 2*f**2 + 3*f + 5. What is the tens digit of n(d)?
2
Let h be 2 + (0 - 2) - 0. Let u = h - -14. What is the units digit of u?
4
Let a be (5 + -3 - 5) + 5. What is the units digit of (a/3)/((-12)/(-162))?
9
Let b = 41 - -15. What is the units digit of b?
6
Let w(u) = u + 1. Let m(c) = c**3 - c**2 + 3*c + 2. Let f(n) = m(n) - 6*w(n). Let y be f(3). Suppose -y*o + 17 + 18 = 0. What is the units digit of o?
7
Let b(f) = 19*f + 51. What is the hundreds digit of b(11)?
2
Let r be (-1)/(-4) + 1/(-4). Let d = r + 3. Suppose -1 = -d*j + 5. What is the units digit of j?
2
Let w(f) = 23*f + 44. What is the hundreds digit of w(4)?
1
What is the tens digit of (-1)/(-5 + 309/62)?
6
Suppose 6 = -3*c, 5*c + 227 = 4*r - 543. What is the hundreds digit of r?
1
Suppose 84 = 5*s - 221. What is the units digit of s?
1
Let w be (3 - 2/1)*2. Suppose w*g = -5*y + 27, -4*g + 9 - 53 = -4*y. What is the units digit of y?
7
Let q(i) be the first derivative of 4*i**3/3 - 3*i**2/2 + 4*i - 1. What is the units digit of q(3)?
1
Suppose 0*l = 2*l - 36. Suppose -3*c = i + 13, -i + l = -5*c - 1. What is the units digit of (-8)/i - (2 + -4)?
0
Suppose 2*p - 4 = -2*y + 6*p, -2*y - 12 = 4*p. Suppose 5*j + 2*m - 6 = 0, 2*j + j - m - 8 = 0. What is the units digit of j/y*9*-1?
9
Let l = 10 + -7. Suppose -l*f - n + 8 = 0, -3*f + n - 4 = -5*f. What is the units digit of f?
4
Let g(l) = -l**3 + 7*l**2 - l - 2. What is the tens digit of g(6)?
2
Let i(a) = 6*a - 40. Let p(o) = o - 8. Let h(g) = 2*i(g) - 11*p(g). Let x be h(-8). Suppose -4*u + x*b = -2*b - 2, 5*u = 4*b - 5. What is the units digit of u?
3
Let z be ((-14)/(-5))/(1/(-5)). Let b = z - -29. What is the tens digit of b?
1
Let a be 40/12 + (-1)/3. Let v(m) = 3*m**2 - m - 7. What is the tens digit of v(a)?
1
Suppose -2*b = 3*b - m - 370, 2*b = -3*m + 165. What is the tens digit of b?
7
Suppose -5*g = -g. Suppose -3*q + 5*i = -9, i + g*i - 1 = 2*q. What is the units digit of -2*(9/6 + q)?
1
Let r = 11 + -21. Let o(t) = t**3 + 10*t**2 - t. Let p be o(r). Suppose -3*b = -3*j - 3, 0 = -j + 2*j - 4*b + p. What is the units digit of j?
2
Suppose -5*q + 15 = -0. Let o = 4 - q. What is the units digit of o?
1
Let k(p) = -p + 53. Let v be k(0). Suppose 5*r = 4*t + 38, 2*r + t - v = -3*r. What is the tens digit of r?
1
What is the units digit of (-2 - -1)/((-5)/50)?
0
Suppose 2*s = 109 + 37. What is the tens digit of s?
7
Suppose -2*y + 5*x = -62, -43 = -2*y - 3*x + 3. Let a = -15 + y. What is the units digit of a?
1
Suppose y = 3*o, 2*y - o = 2*o + 3. Suppose -y*v + 7*v = 20. Suppose -17 = v*m - 52. What is the units digit of m?
7
Suppose -m + 19 = -5*g, 5*m - 23 = 2*g - g. Suppose 3*p = m*p - 4. Suppose v - 4*v + 5*t + 34 = 0, -p = 2*v + 2*t. What is the units digit of v?
3
Suppose -5*m - 24 = -3*h, 3*h = -0*m - 3*m. What is the units digit of h?
3
What is the tens digit of ((-4)/(-6))/((-4)/(-642))?
0
What is the units digit of (74/8)/((-8)/(-32))?
7
Let s(w) = -6*w + 7. Let i(k) = 5*k - 6. Let z(t) = -7*i(t) - 6*s(t). Let h be z(0). Suppose -3*c + c + 16 = h. What is the units digit of c?
8
Let s be 15/25 - 13/5. Let g = s + -3. Let k = 8 + g. What is the units digit of k?
3
Suppose -3*j = -17 - 160. What is the tens digit of j?
5
What is the tens digit of (2 - 2)/(-2) + 63?
6
Let h = 6 - -14. What is the units digit of h?
0
Let n(m) = 8*m**3 + m**2 - 7*m - 4. What is the hundreds digit of n(3)?
2
Let f = 5 + -37. Let a = 55 + f. What is the units digit of a?
3
Suppose 0*n - 2*n + 42 = 0. What is the tens digit of n?
2
Let k = 5 + -6. Let x = -6 - k. What is the tens digit of 10/(-25) - 52/x?
1
Let n(h) = -h**3 + 4*h**2 + 6*h - 7. Let o be n(5). What is the units digit of ((-60)/(-42))/(o/(-14))?
0
Suppose p + 0*p = 3*x - 27, 4*p = 12. What is the tens digit of x?
1
Let k = 249 + -138. What is the tens digit of k?
1
Let h(n) = n + 16. What is the tens digit of h(13)?
2
Let u(n) = n**3 - 11*n**2 + 8*n + 24. Let d be u(10). Suppose 0 = c - d*f - 61, -5*c = -2*c - 5*f - 148. What is the tens digit of c?
4
Let v be 3 + (-1 - 3/(-3)). Suppose -2*s = -s + v, 2*a = 4*s + 26. What is the units digit of a?
7
What is the units digit of 12/(-4)*40/(-6)?
0
Let p be ((-3)/(-3) - -1) + 1. Suppose -l + 6 + p = 0. What is the units digit of l?
9
Let b be 207/2 + (-2)/(-4). Suppose -7*s + b = -3*s. Suppose -s + 2 = -3*l. What is the units digit of l?
8
Let g be 4/(-8) + (-266)/(-4). Let s = g + -24. What is the units digit of s?
2
Suppose 0 = 3*p - 5*s + 8 - 2, s = -5*p - 10. What is the units digit of 11 - (1*-4)/p?
9
Suppose -2*i + 5*i - 95 = -2*o, 3*o = 2*i - 59. What is the tens digit of i?
3
Let p(r) = r**3 - 4*r**2 + r - 5. Suppose 4 = -5*s + 29. Let f be p(s). Suppose 0*g - 5*g + f = 0. What is the units digit of g?
5
Suppose -3*h - 2*h = -210. What is the tens digit of h?
4
Let g = -7 - -5. Let n be g/(-4) + (-10)/(-4). Suppose -2*p - 4 - 3 = -j, n*j - 3*p = 24. What is the units digit of j?
9
Let p(r) = -2*r**2 + 2*r - 2. Let b(a) = 5*a**2 - 5*a + 5. Let k(l) = -3*b(l) - 8*p(l). What is the units digit of k(3)?
7
Let n(s) = 9*s - 2. Let d be n(10). Let i be (-1)/(-3) + d/6. What is the units digit of ((-5)/i)/((-3)/72)?
8
What is the units digit of 4/14 + 85/119?
1
Let m(o) be the third derivative of 5*o**4/24 + o**3/6 - o**2. Suppose -2*g - h = -13, -g - 4*h = -6*g. What is the units digit of m(g)?
1
Let z be 8/(-20)*-7*5. Suppose -3*j = -4*p - 50 + 6, 2*p = j - z. What is the tens digit of j?
1
Let j = -5 - -14. Let p(d) = 8*d**2 + d - d**3 - 6 + d**2 + d. What is the units digit of p(j)?
2
Let c(w) = -w**2 - 4*w. Let a be c(-3). Suppose a*h - 15 = 2*h. What is the units digit of h?
5
Let m be 4/18 + (-34)/(-9). What is the units digit of -4*-2*(-3 + m)?
8
Let k(h) = h**2 - h + 3. Let n = -15 - -13. What is the units digit of k(n)?
9
Suppose 7*w = 2*w + 100. What is the tens digit of w?
2
Suppose 0 = -5*g - u + 12 - 29, u - 1 = g. Let w = 13 - g. What is the tens digit 